14*g**2 - 8 + 7*g + 1. What is f(7)?
-7
Let y(h) = -2*h - 6. Let i(o) = -10*o - 13. Let d be i(-3). Let n(l) = l**3 - 14 - 7 - 16*l - 2*l**3 + 18*l**2. Let x be n(d). What is y(x)?
2
Let c(b) be the first derivative of 7*b**2/2 + b - 12. Let t(g) = -g**3 + 5*g**2 - 5*g + 6. Let d be t(4). Suppose 1 - 5 = d*v. Calculate c(v).
-13
Let s(m) = 1 + 2 - m - 14 + 3*m. Let n be s(7). Let a be n*((-15)/(-9))/5. Let f(p) = -6*p - 1. Determine f(a).
-7
Let l(c) be the second derivative of -c**5/20 + c**3/6 - c**2/2 + 2*c - 61. Suppose 9*j = 4*j, -10 = -5*x + 4*j. Calculate l(x).
-7
Let g(v) = 7*v + 123. Let u be g(-18). Let f(c) = c**3 + 2*c**2 - 2*c. Give f(u).
-3
Let u(t) = -2*t + 6. Let v(i) = -4*i + 1. Let n be v(2). Let f be n - (0/(-3))/(-2). Let a = f - -11. What is u(a)?
-2
Let i = -221 + 214. Let z(q) = -q - 8. Determine z(i).
-1
Let a(h) = -6*h**2 - h + 3. Let d(l) = -3*l**2 + 1. Let j(w) = 3*a(w) - 7*d(w). Determine j(3).
20
Let z(h) be the first derivative of -h**5/20 + h**4/24 - h**3/3 - 4*h**2 + 8. Let n(d) be the second derivative of z(d). What is n(2)?
-12
Let u(n) = -2*n**2 + 8*n + 4. Let d(o) = 2*o**2 - 37*o + 84. Let h be d(16). Give u(h).
4
Let a(y) = 17*y - 612. Let z be a(36). Let o(q) be the third derivative of -1/24*q**4 + 4*q**2 + z*q + 0 - 13/6*q**3. Determine o(-6).
-7
Let s(n) = -3*n - 7. Let f(r) be the second derivative of r**3/3 + 3*r**2/2 - 12*r. Let t(p) = 5*f(p) + 2*s(p). What is t(1)?
5
Let z = -5 - -7. Suppose -2*c + 4*t - 6*t = 0, z*t + 5 = -3*c. Let b(h) = 524*h - 3*h**3 - 5*h**2 - 1 + 2*h**3 - 524*h. What is b(c)?
-1
Let r(i) be the third derivative of i**6/120 - 7*i**5/60 + i**4/12 - 5*i**3/3 - 3*i**2 + 14*i. Calculate r(7).
4
Let o(g) be the third derivative of 2*g**2 + 1/60*g**5 - 1/2*g**3 + 0*g + 0 + 0*g**4. Suppose 0 = 27*d - 20 - 61. Determine o(d).
6
Let l(o) be the first derivative of o**2 + 21*o - 26. Let f be l(-9). Let h(s) = -s**3 + 3*s**2 - 2*s + 2. What is h(f)?
-4
Let b(p) = -p**2 + 12*p + 14. Suppose -20 = -2*d + 4*s, 10 = d - 11*s + 8*s. Calculate b(d).
34
Suppose 15 = -2*b - 5*o - 15, 0 = 3*b - 2*o + 7. Let g(m) = m**2 - 2*m + 1. Give g(b).
36
Let y(o) = -o**3 + 8*o**2 - 8*o + 2. Let k(c) = c**2 + 25*c + 90. Let i be k(-4). What is y(i)?
26
Let a(r) be the second derivative of r**3/2 + 3*r**2 + 2369*r. Suppose 0 = v - 4, 2*g + g - 46 = -4*v. Let q = 6 - g. Give a(q).
-6
Let l(o) = -o - 18. Let k(m) = m**3 - 16*m**2 - 38*m + 36. Let y be k(18). Give l(y).
-18
Let u(i) = -2*i**2 - 9*i + 4. Let m(s) = -3*s**2 - 14*s + 6. Let k(w) = -5*m(w) + 7*u(w). Suppose -t + 2*t - 11 = 0. Suppose -4*q - t - 13 = 0. What is k(q)?
-8
Let l(i) = -i**3 - 10*i**2 - 9*i + 7. Suppose -182*c = -178*c + 36. What is l(c)?
7
Suppose -5*d - 15 = 5. Let t(z) = -z**2 - 3*z. Calculate t(d).
-4
Let q(n) = 2*n - 6*n + 5*n + 12. Let v be ((-4)/1 - 0) + 25/(-5). Give q(v).
3
Let v(r) = -8*r - 1. Let b be (8/(-12))/(4/30*5). Give v(b).
7
Let s(k) = k**2 + 10*k + 8. Let m be 12/(-6)*(-1 - (-27)/2). Let i = m + 19. Calculate s(i).
-16
Suppose c + 1 = 4. Let i = -9 + c. Let s(q) = q**3 - 286*q**2 - 6*q + 563*q**2 - 5 - 272*q**2. Give s(i).
-5
Let q(f) = -2*f**2 - f + 9. Let j(o) = -2*o**2 - 2*o + 11. Let k(i) = -3*j(i) + 4*q(i). Calculate k(-3).
-21
Let i(c) = 5*c**2 + 55 - 33 + c**2 - c**3 - 32 + 5*c. What is i(7)?
-24
Let p(z) = -z + 5. Let r be p(7). Let t(b) = 132*b**2 - b - 70*b**2 - 1 - 2*b - 65*b**2. Give t(r).
-7
Let o = 59 - 62. Let n(f) = -f**3 - f**2 - 2*f - 3. What is n(o)?
21
Let d(q) be the first derivative of -q**2 - 10*q + 1895. Suppose -29 = 4*y - 3*n, 0 = -y - 0*y - 5*n - 13. Determine d(y).
6
Let t(r) = -5*r**2 + 4*r - 3. Let j(q) = 8*q**2 - 8*q + 6. Let o(l) = 7*l**2 - 7*l + 5. Let x(a) = 3*j(a) - 4*o(a). Let h(b) = 3*t(b) - 4*x(b). Calculate h(4).
-1
Let p(o) = -o + 1. Let d be p(0). Suppose 5*u + 1 = 31. Let w(g) = -u*g**3 - g**3 - g - g**3 - 4*g**3. Determine w(d).
-13
Let q(s) be the third derivative of -s**5/60 + 5*s**4/12 + 8*s**3/3 + 76*s**2. Calculate q(11).
5
Let v(q) = -q - 3*q - 2 + 3*q + 4. Suppose -4*i = -2*s - 20, -23 = -2*i - s - 5. Determine v(i).
-5
Let b(n) = 6*n**3 - 2*n**2 - 2*n - 1. Let w(h) = -h**2 + 4*h + 4. Let f be w(-1). Calculate b(f).
-7
Let b(t) = -243*t - 244*t + 1 + 486*t. Give b(9).
-8
Let v(j) be the first derivative of -4*j + 17 - 1/2*j**2. Give v(3).
-7
Let w(t) = t**3 + 3*t**2 + 4*t + 3. Suppose 0 = -2*i - 2*i + 12. Suppose 3*y = -y + i*q - 5, -5*y = -5*q + 5. Determine w(y).
-1
Let h(m) be the first derivative of -2*m**2 + 4*m - 8. Let x = -42 - -59. Let l = -14 + x. Determine h(l).
-8
Let c(z) = 3*z. Let l = -2 - -6. Let g(s) = -5*s + 11. Let d(r) = r - 2. Let o(b) = l*g(b) + 22*d(b). Let j(n) = -4*c(n) + 5*o(n). Determine j(3).
-6
Let l(g) = g + 4. Let j be 1*(1 + 21/(-12))*36. Let o = -33 - j. What is l(o)?
-2
Suppose 8*i = 7*i. Let n(b) be the third derivative of 0*b + 4*b**2 + 2/3*b**3 + 0 - 1/24*b**4. Calculate n(i).
4
Let m(q) be the second derivative of q**3/6 + 2*q**2 - 3*q + 10. Determine m(-2).
2
Let l(d) be the third derivative of 0*d + 1/12*d**4 - 1/3*d**3 + 0 - 24*d**2. Suppose 0 = -5*c + 3*h + 2 - 31, 3*h = -3*c - 3. Determine l(c).
-10
Suppose -8*k = -5*k - 12 + 18. Let c(b) = b**3 + b**2 + 3*b - 6*b - 2 + b. Determine c(k).
-2
Suppose -6 = 4*n - 2*r, 2*n + 2*n + 3*r + 1 = 0. Let u = n - 3. Let g(a) be the first derivative of -a**3/3 - 5*a**2/2 - 4*a + 10. Calculate g(u).
0
Let y(p) = 1885*p + 261. Let h(g) = 29*g + 4. Let u(j) = -261*h(j) + 4*y(j). Calculate u(1).
-29
Suppose -38 = 5*m - 2*r, 4*r + 2 = -m - 2*m. Let a = -4 - -5. Let t(w) = 2 - 3 - w + a - 5. What is t(m)?
1
Let v(b) be the first derivative of -b**2/2 - 2*b - 1. Let x(q) = q**2 + 2*q - 31. Let n be x(-8). Let r(t) = t - 19. Let i be r(n). What is v(i)?
0
Let a(b) = b - 6. Let m(r) = r**2 - 2*r + 2. Let z = 23 - 20. Let s be m(z). What is a(s)?
-1
Let y(t) = 10*t - 30. Let a be y(10). Let h = a - 65. Let w(p) = p**2 - 5*p + 5. Determine w(h).
5
Let q(b) = -3*b**2 - 11*b - 6. Let d(t) = -t**2 - t. Suppose -r + 4 = 0, -g - 3*r - 15 = -7*r. Let c(u) = g*q(u) - 4*d(u). Determine c(5).
-16
Let v(d) = 2*d + 1. Let f be v(-2). Let u(c) = -2*c - 25. Let w be u(-14). Let t(i) = -12*i**3 + 3 + 25*i**3 - i + w*i**2 - 12*i**3. Calculate t(f).
6
Let y(m) = m**3 + 6*m**2 + 6*m - 3. Suppose -4*w + 15 = -25. Let x be (3/(-2))/(6/(-56)). Suppose 4*l - 2*j = -x, -l - j = -2 + w. What is y(l)?
-8
Suppose -2*s = -9*l + 19, -6*s = 3*l - 2*s + 17. Let u(v) = -v**2 - 3 + 2 + 8*v**3 + 2. Calculate u(l).
8
Let s(v) be the first derivative of 23*v**5/60 - 18*v**2 - 7. Let l(i) be the second derivative of s(i). Determine l(-1).
23
Let u(w) = -w**2 + 6*w + 3. Suppose -4*n = -84 + 56. Determine u(n).
-4
Let t(i) = -7*i + 9 - 135*i**2 + 279*i**2 - 143*i**2 + 17*i. Give t(-11).
20
Let h(v) = 3554*v + v**2 - 3545*v - 1 - 12. Calculate h(-10).
-3
Let n(v) be the second derivative of v**5/20 - 2*v**4/3 + v**3 - 4*v**2 + 13*v. Determine n(7).
-15
Let l(z) = 3*z + 11. Let u be l(-3). Let b(j) = 4*j**2 - 3*j**u + 6*j + j**2. What is b(-4)?
8
Suppose 12*u = 5*u + 133. Let t = u + 13. Let q(i) = 35 + t - 5*i - 71 - i**3 + 7*i**2. Give q(6).
2
Let g be 4/(((-32)/(-28))/4). Let p be 3 + -6 - g/(-2). Suppose -6*y + 3*y = -d + 9, 2*y = p*d - 26. Let i(o) = 2*o - 5. Give i(d).
7
Let d(a) = -a - 7. Suppose -136 = 45*h - 11*h. Determine d(h).
-3
Let a(h) = -6*h + 11. Let x be a(8). Let d = 39 + x. Suppose -4*o = -d*o. Let j(r) = r**2 + r - 6. Give j(o).
-6
Let s(t) = 19*t - 4. Let y be s(1). Suppose 21 = -6*n - y. Let m(z) = z**2 + 2*z - 8. Determine m(n).
16
Let b(n) = -4*n**3 - 10 + 6*n**3 - n - 8*n**3 + 12*n**2 + 7*n**3. Give b(-12).
2
Let a(m) = m**3 + 2*m**2 - 3*m - 1. Suppose -6 = -2*v - 0*v. Suppose -2*s + 33 = 2*s - 3*n, -n = v*s - 41. Let j be (18/s)/(1/(-2)). What is a(j)?
-1
Let k(q) = -q**2 - 6*q - 6. Let u be k(-3). Let i(l) = 0*l**2 + 2 + 0*l**2 - u + 2*l**3 + 2*l**2. What is i(-2)?
-9
Let d(t) be the first derivative of -t**3/3 - 2*t**2 + 12*t + 11. Let y be d(-7). Let k(x) = -x**2 - 8*x + 5. What is k(y)?
-4
Let p = -38 - -34. Let n(g) be the third derivative of -g**6/360 - g**5/60 - g**4/12 + g**2. Let f(k) be the second derivative of n(k). Calculate f(p).
6
Suppose 0 = -6*d - 2*d + 16. Let q(w) = -82*w**2 + 3*w**3 - 4*w**